{"id":2038,"date":"2017-01-24T09:55:47","date_gmt":"2017-01-24T08:55:47","guid":{"rendered":"http:\/\/www.christofwackernagel.de\/hieroglyphentexte\/?page_id=2038"},"modified":"2023-12-28T19:39:14","modified_gmt":"2023-12-28T18:39:14","slug":"impressumkontakt","status":"publish","type":"page","link":"http:\/\/www.christofwackernagel.de\/hieroglyphentexte\/impressumkontakt\/","title":{"rendered":"Impressum\/Kontakt"},"content":{"rendered":"<p style=\"text-align: right;\"><a href=\"http:\/\/www.christofwackernagel.de\/hieroglyphics\/imprint-contact\/\" target=\"_blank\" rel=\"noopener\"><span style=\"font-size: 14px; font-family: helvetica,arial,sans-serif;\">Englisch<\/span><\/a>&nbsp; <img loading=\"lazy\" decoding=\"async\" class=\"alignnone size-full wp-image-991\" src=\"http:\/\/www.christofwackernagel.de\/hieroglyphentexte\/wp-content\/uploads\/gb.gif\" alt=\"gb\" width=\"16\" height=\"11\"><\/p>\n<p class=\"western\"><span style=\"font-family: tahoma,arial,helvetica,sans-serif;\">Betreiber diese Webseite:<\/span><br \/>\n<span style=\"font-family: tahoma,arial,helvetica,sans-serif;\"> Christof Wackernagel<\/span><br \/>\n<span style=\"font-family: tahoma,arial,helvetica,sans-serif;\"> Lenbachallee 18a<\/span><br \/>\n<span style=\"font-family: tahoma,arial,helvetica,sans-serif;\"> 85521 Ottobrunn<\/span><br \/>\n<span style=\"font-family: tahoma,arial,helvetica,sans-serif;\"> E-Mail: <a href=\"mailto:briefe@christofwackernagel.de\">briefe@christofwackernagel.de <\/a><\/span><\/p>\n<p><span style=\"font-family: tahoma,arial,helvetica,sans-serif;\">Verkauf: Bettina Susan<\/span><br \/>\n<span style=\"font-family: tahoma,arial,helvetica,sans-serif;\"> E-Mail: <a href=\"mailto:bettina_susan@web.de\">bettina_susan@web.de<\/a><\/span><\/p>\n<p><span style=\"font-family: tahoma,arial,helvetica,sans-serif;\">Michael Ganser<br \/>\n<a href=\"http:\/\/artgallery3000.com\" target=\"_blank\" rel=\"noopener\">http:\/\/www.artgallery3000.com\/<\/a><\/span><\/p>\n<p>E-Mail: <a href=\"mailto:service@artgallery.com\">service@artgallery.com<\/a><\/p>\n<p>Gestaltung: Ulrich Phips Fischer &#8211; <a href=\"http:\/\/www.arteminent.de\" target=\"_blank\" rel=\"noopener\">arteminent.de<\/a><\/p>\n<p><span style=\"font-family: tahoma,arial,helvetica,sans-serif;\"><strong>Haftungsausschluss<\/strong> <\/span><\/p>\n<p><span style=\"font-family: tahoma,arial,helvetica,sans-serif;\">Haftung f\u00fcr Inhalte <\/span><\/p>\n<p><span style=\"font-family: tahoma,arial,helvetica,sans-serif;\">Die Inhalte unserer Seiten wurden mit gr\u00f6\u00dfter Sorgfalt erstellt. F\u00fcr die Richtigkeit, Vollst\u00e4ndigkeit und Aktualit\u00e4t der Inhalte k\u00f6nnen wir jedoch keine Gew\u00e4hr \u00fcbernehmen. Als Diensteanbieter sind wir gem\u00e4\u00df \u00a7 7 Abs.1 TMG f\u00fcr eigene Inhalte auf diesen Seiten nach den allgemeinen Gesetzen verantwortlich. Nach \u00a7 8 bis 10 TMG sind wir als Diensteanbieter jedoch nicht verpflichtet, \u00fcbermittelte oder gespeicherte fremde Informationen zu \u00fcberwachen oder nach Umst\u00e4nden zu forschen, die auf eine rechtswidrige T\u00e4tigkeit hinweisen. Verpflichtungen zur Entfernung oder Sperrung der Nutzung von Informationen nach den allgemeinen Gesetzen bleiben hiervon unber\u00fchrt. Eine diesbez\u00fcgliche Haftung ist jedoch erst ab dem Zeitpunkt der Kenntnis einer konkreten Rechtsverletzung m\u00f6glich. Bei Bekanntwerden von entsprechenden Rechtsverletzungen werden wir diese Inhalte umgehend entfernen.<\/span><\/p>\n","protected":false},"excerpt":{"rendered":"<p>Englisch&nbsp; Betreiber diese Webseite: Christof Wackernagel Lenbachallee 18a 85521 Ottobrunn E-Mail: briefe@christofwackernagel.de Verkauf: Bettina Susan E-Mail: bettina_susan@web.de Michael Ganser http:\/\/www.artgallery3000.com\/ E-Mail: service@artgallery.com Gestaltung: Ulrich Phips Fischer &#8211; arteminent.de Haftungsausschluss Haftung f\u00fcr Inhalte Die Inhalte unserer Seiten wurden mit gr\u00f6\u00dfter Sorgfalt erstellt. F\u00fcr die Richtigkeit, Vollst\u00e4ndigkeit und Aktualit\u00e4t der Inhalte k\u00f6nnen wir jedoch keine Gew\u00e4hr \u00fcbernehmen. &hellip; <a href=\"http:\/\/www.christofwackernagel.de\/hieroglyphentexte\/impressumkontakt\/\" class=\"more-link\"><span class=\"screen-reader-text\">\u201eImpressum\/Kontakt\u201c<\/span> weiterlesen<\/a><\/p>\n","protected":false},"author":1,"featured_media":0,"parent":0,"menu_order":0,"comment_status":"closed","ping_status":"closed","template":"","meta":{"ngg_post_thumbnail":0,"footnotes":""},"class_list":["post-2038","page","type-page","status-publish","hentry"],"_links":{"self":[{"href":"http:\/\/www.christofwackernagel.de\/hieroglyphentexte\/wp-json\/wp\/v2\/pages\/2038","targetHints":{"allow":["GET"]}}],"collection":[{"href":"http:\/\/www.christofwackernagel.de\/hieroglyphentexte\/wp-json\/wp\/v2\/pages"}],"about":[{"href":"http:\/\/www.christofwackernagel.de\/hieroglyphentexte\/wp-json\/wp\/v2\/types\/page"}],"author":[{"embeddable":true,"href":"http:\/\/www.christofwackernagel.de\/hieroglyphentexte\/wp-json\/wp\/v2\/users\/1"}],"replies":[{"embeddable":true,"href":"http:\/\/www.christofwackernagel.de\/hieroglyphentexte\/wp-json\/wp\/v2\/comments?post=2038"}],"version-history":[{"count":21,"href":"http:\/\/www.christofwackernagel.de\/hieroglyphentexte\/wp-json\/wp\/v2\/pages\/2038\/revisions"}],"predecessor-version":[{"id":3447,"href":"http:\/\/www.christofwackernagel.de\/hieroglyphentexte\/wp-json\/wp\/v2\/pages\/2038\/revisions\/3447"}],"wp:attachment":[{"href":"http:\/\/www.christofwackernagel.de\/hieroglyphentexte\/wp-json\/wp\/v2\/media?parent=2038"}],"curies":[{"name":"wp","href":"https:\/\/api.w.org\/{rel}","templated":true}]}}