{"id":42,"date":"2016-08-28T16:31:12","date_gmt":"2016-08-28T14:31:12","guid":{"rendered":"http:\/\/www.christofwackernagel.de\/hieroglyphentexte\/?page_id=42"},"modified":"2023-10-21T11:24:27","modified_gmt":"2023-10-21T09:24:27","slug":"briefmarken","status":"publish","type":"page","link":"http:\/\/www.christofwackernagel.de\/hieroglyphentexte\/briefmarken\/","title":{"rendered":"Briefmarken"},"content":{"rendered":"<p style=\"text-align: right;\"><span style=\"font-family: helvetica,arial,sans-serif; font-size: 14px;\"><a href=\"http:\/\/www.christofwackernagel.de\/hieroglyphics\/stamps\/\" target=\"_blank\" rel=\"noopener\">Englisch <\/a>&nbsp;<img loading=\"lazy\" decoding=\"async\" class=\"alignnone size-full wp-image-991\" src=\"http:\/\/www.christofwackernagel.de\/hieroglyphentexte\/wp-content\/uploads\/gb.gif\" alt=\"gb\" width=\"16\" height=\"11\"> <\/span><\/p>\n<p><span style=\"font-family: helvetica,arial,sans-serif;\">Alle hier gezeigten Werke sind originale Unikate, vom K\u00fcnstler datiert und signiert.<\/span><br \/>\n<span style=\"font-family: helvetica,arial,sans-serif;\">\u00a9 1980 \u2013 2016: Alle auf dieser Seite dargestellten Bilder, Fotos und Texte sind urheberrechtlich gesch\u00fctzt von Christof Wackernagel.<br \/>\n<\/span><br \/>\nDie Seite wird derzeit \u00fcberarbeitet.<\/p>\n<p><strong>Der Triumph<\/strong><br \/>\n<span style=\"font-family: Arial, sans-serif; font-size: 12pt;\"><span lang=\"de-DE\">4,5 x 7,5 cm, Aquarell auf gez\u00e4hnten Papier, 1992<\/span><\/span><\/p>\n<p>ngg_shortcode_0_placeholder<br \/>\n<strong>Der Stempel<\/strong><br \/>\n<span style=\"font-family: Arial, sans-serif;\"><span style=\"font-size: medium;\"><span lang=\"de-DE\">C6, abgestempelte Marke auf Brief, 1993<\/span><\/span><\/span><\/p>\n<p>ngg_shortcode_1_placeholder<br \/>\n<strong>Die Dialektik der Aufkl\u00e4rung II<br \/>\n<\/strong><span lang=\"de-DE\">58,5 x 41,8 cm, Filzstift auf Verbundplatte, 2001<\/span><\/p>\n<p>ngg_shortcode_2_placeholder<br \/>\n<strong>Die Bitte um nichts<\/strong><br \/>\n1,4 x 3,5 cm, Wasserfarbe, 1992<\/p>\n<p>ngg_shortcode_3_placeholder<br \/>\n<strong>Der Hallodri<\/strong><br \/>\n2,1 x 2,6 cm, Acryl, 1997<\/p>\n<p>ngg_shortcode_4_placeholder<br \/>\n<strong>Die Hochzeit der Meere<\/strong><br \/>\n1,6 x 7,4 cm, Avryl, 1994<\/p>\n<p>ngg_shortcode_5_placeholder<br \/>\n<strong>Der traurige K\u00f6nig<\/strong><br \/>\n2,1 x 2,6 cm, Acryl, 1995<\/p>\n<p>ngg_shortcode_6_placeholder<br \/>\n<strong>Die letzte Webung<\/strong><br \/>\n2,1 x 2,6, Acryl, 1996<\/p>\n<p>ngg_shortcode_7_placeholder<br \/>\n<strong>Die offene Liebe<\/strong><br \/>\n2,5 x 6,4 cm, Acryl, 1996<\/p>\n<p>ngg_shortcode_8_placeholder<br \/>\n<strong>Die Zwangshochzeit<\/strong><br \/>\n2,4 x 4,3 cm, Wasserfarbe, 1993<\/p>\n<p>ngg_shortcode_9_placeholder<br \/>\n<strong>Die letzte Chance<\/strong><br \/>\n2,5 x 6,4 cm, Acryl, 1993<\/p>\n<p>ngg_shortcode_10_placeholder<br \/>\n<strong>Das Ender der Vorgeschichte<\/strong><br \/>\n2,1 x 5,0 cm, Acryl, 1995<\/p>\n<p>ngg_shortcode_11_placeholder<br \/>\n<strong>Die Konferenz der Religionen<\/strong><br \/>\n1,7 x 4,7 cm, Wasserfarbe, 1993<\/p>\n<p>ngg_shortcode_12_placeholder<br \/>\n<strong>&#8222;Rote Armee Fraktion&#8220;<\/strong><br \/>\n2,0 x 3,0 cm, Wasserfarbe, 1993<\/p>\n<p>ngg_shortcode_13_placeholder<br \/>\n<strong>Das unversch\u00e4mte Angebot<\/strong><br \/>\n1,8 x 5,4 cm, Wasserfarbe, 1993<\/p>\n<p>ngg_shortcode_14_placeholder<br \/>\n<strong>Die Vers\u00f6hnung der Geschlechter<\/strong><br \/>\n2,4 x 8,6 cm, Acryl, 1995<\/p>\n<p>ngg_shortcode_15_placeholder<br \/>\n<strong>Vor dem Anfang<\/strong><br \/>\n2,8 x 2,8 cm, Wasserfarbe, 1992<\/p>\n<p>ngg_shortcode_16_placeholder<br \/>\n<strong>Die Mahnung<\/strong><br \/>\n2,1 x 2,6 cm, Wasserfarbe, 1993<\/p>\n<p>ngg_shortcode_17_placeholder<br \/>\n<strong>Die Einheit der Kontinente<\/strong><br \/>\n1,8 x 8,8 cm, Wasserfarbe, 1993<\/p>\n<p>ngg_shortcode_18_placeholder<br \/>\n<strong>Der Baum der Erkenntnis<\/strong><br \/>\n2,1 x 2,6 cm, Acryl, 1995<\/p>\n<p>ngg_shortcode_19_placeholder<br \/>\n<strong>Der gespielte Krieg<\/strong><br \/>\n2,1 x 2,6 cm, Acryl, 1994<\/p>\n<p>ngg_shortcode_20_placeholder<br \/>\n<strong>Der unentschlossene Wegweiser<\/strong><br \/>\n2,1 x 2,6, Wasserfarbe, 1994<\/p>\n<p>ngg_shortcode_21_placeholder<br \/>\n<strong>Der neugierige Opa<\/strong><br \/>\n1,7 x 3,6 cm, Wasserfarbe, 1994<\/p>\n<p>ngg_shortcode_22_placeholder<br \/>\n<strong>Elefantenkarawane VI<\/strong><br \/>\n1,4 x 8,9 cm, Acryl, 1994<\/p>\n<p>ngg_shortcode_23_placeholder<br \/>\n<strong>Elefantenkarawane V<\/strong><br \/>\n1,8 x 7,1 cm, Akryl, 1994<\/p>\n<p>ngg_shortcode_24_placeholder<br \/>\n<strong>Elefantenkarawane IV<\/strong><br \/>\n1,4 x 8,9 cm, Acryl, 1994<\/p>\n<p>ngg_shortcode_25_placeholder<br \/>\n<strong>Elefantenkarawane III<\/strong><br \/>\n1,6 x 7,6, Acryl, 1994<\/p>\n<p>ngg_shortcode_26_placeholder<br \/>\n<strong>Elefantenkarawane II<\/strong><br \/>\n1,6 x 7,6, Acryl, 1994<\/p>\n<p>ngg_shortcode_27_placeholder<br \/>\n<strong>Der Traum der Ameise<\/strong><br \/>\n1,6 x 7,1 cm, Acryl, 1994<\/p>\n<p>ngg_shortcode_28_placeholder<br \/>\n<strong>Der Tod der Eifersucht<\/strong><br \/>\n2,1 x 2,6 cm, Acryl, 1993<\/p>\n<p>ngg_shortcode_29_placeholder<br \/>\n<strong>Das Kleingedruckte<\/strong><br \/>\n2,1 x 4,1, Tusche, 1997<\/p>\n<p>ngg_shortcode_30_placeholder<br \/>\n<strong>Bamako<\/strong><br \/>\n4,4 x 2,8, Akryl, 2004<\/p>\n<p>ngg_shortcode_31_placeholder<br \/>\n<strong>Des Kaisers neue Kleider<\/strong><br \/>\n2,1 x 5,0 cm, Acryl, 1998<\/p>\n<p>ngg_shortcode_32_placeholder<br \/>\n<strong>Das Vergissmeinicht<\/strong><br \/>\n2,1 x 4,1, Aquarell, 1999<\/p>\n<p>ngg_shortcode_33_placeholder<br \/>\n<strong>Die k\u00fcnstliche Oase<\/strong><br \/>\n2,1 x 2,6 cm, Acryl, 1999<\/p>\n<p>ngg_shortcode_34_placeholder<br \/>\n<strong>Der Hohn der Vernunft<\/strong><br \/>\n1,6 x 7,1 cm, Acryl, 1999<\/p>\n<p>ngg_shortcode_35_placeholder<br \/>\n<strong>Der ratlose Hexer<\/strong><br \/>\n1,6 x 7,1 cm, Acryl, 1999<\/p>\n<p>ngg_shortcode_36_placeholder<br \/>\n<strong>Das Quellenverzeichnis<\/strong><br \/>\n1,2 x 7,6 cm, Acryl, 2001<\/p>\n<p>ngg_shortcode_37_placeholder<br \/>\n<strong>Die ungez\u00fcgelte Erwartung<\/strong><br \/>\n21,1 x 2,6 &#8211; Acryl, 1996<\/p>\n<p>ngg_shortcode_38_placeholder<br \/>\n<strong>Timoth-Leary-Memorial<\/strong><br \/>\n2,1 x 7,6, Acryl, 1996<\/p>\n<p>ngg_shortcode_39_placeholder<br \/>\n<strong>Die fr\u00f6hliche Sinnlosigkeit<\/strong><br \/>\n1,2 x 7,6 cm, Acryl, 2001<\/p>\n<p>ngg_shortcode_40_placeholder<br \/>\n<strong>Tanz der Lemminge<\/strong><br \/>\n8,6 x 2,5 cm, 1992<\/p>\n<p>ngg_shortcode_41_placeholder<br \/>\n<strong>Lobhudelei<\/strong><br \/>\n2,1 x 3,5 cm, 1992<\/p>\n<p>ngg_shortcode_42_placeholder<br \/>\n<strong>Der Radikalenerlass<\/strong><\/p>\n<p>ngg_shortcode_43_placeholder<br \/>\n<strong>Verbeugungen<\/strong><\/p>\n<p>ngg_shortcode_44_placeholder<br \/>\n<strong>Die verliebte Natur<\/strong><br \/>\n4,4 x 2,8 cm, Akryl auf Briefmarkenrohling, 1994<\/p>\n<p>ngg_shortcode_45_placeholder<br \/>\n<strong>Das Tor zum Meer<\/strong><br \/>\n1,0 x 12,0 cm, Aquarell \/ Briefmarkenrohling,1994<\/p>\nngg_shortcode_46_placeholder\n","protected":false},"excerpt":{"rendered":"<p>Englisch &nbsp; Alle hier gezeigten Werke sind originale Unikate, vom K\u00fcnstler datiert und signiert. \u00a9 1980 \u2013 2016: Alle auf dieser Seite dargestellten Bilder, Fotos und Texte sind urheberrechtlich gesch\u00fctzt von Christof Wackernagel. Die Seite wird derzeit \u00fcberarbeitet. Der Triumph 4,5 x 7,5 cm, Aquarell auf gez\u00e4hnten Papier, 1992 Der Stempel C6, abgestempelte Marke auf &hellip; <a href=\"http:\/\/www.christofwackernagel.de\/hieroglyphentexte\/briefmarken\/\" class=\"more-link\"><span class=\"screen-reader-text\">\u201eBriefmarken\u201c<\/span> weiterlesen<\/a><\/p>\n","protected":false},"author":1,"featured_media":0,"parent":0,"menu_order":0,"comment_status":"closed","ping_status":"closed","template":"","meta":{"ngg_post_thumbnail":0,"footnotes":""},"class_list":["post-42","page","type-page","status-publish","hentry"],"_links":{"self":[{"href":"http:\/\/www.christofwackernagel.de\/hieroglyphentexte\/wp-json\/wp\/v2\/pages\/42","targetHints":{"allow":["GET"]}}],"collection":[{"href":"http:\/\/www.christofwackernagel.de\/hieroglyphentexte\/wp-json\/wp\/v2\/pages"}],"about":[{"href":"http:\/\/www.christofwackernagel.de\/hieroglyphentexte\/wp-json\/wp\/v2\/types\/page"}],"author":[{"embeddable":true,"href":"http:\/\/www.christofwackernagel.de\/hieroglyphentexte\/wp-json\/wp\/v2\/users\/1"}],"replies":[{"embeddable":true,"href":"http:\/\/www.christofwackernagel.de\/hieroglyphentexte\/wp-json\/wp\/v2\/comments?post=42"}],"version-history":[{"count":34,"href":"http:\/\/www.christofwackernagel.de\/hieroglyphentexte\/wp-json\/wp\/v2\/pages\/42\/revisions"}],"predecessor-version":[{"id":2691,"href":"http:\/\/www.christofwackernagel.de\/hieroglyphentexte\/wp-json\/wp\/v2\/pages\/42\/revisions\/2691"}],"wp:attachment":[{"href":"http:\/\/www.christofwackernagel.de\/hieroglyphentexte\/wp-json\/wp\/v2\/media?parent=42"}],"curies":[{"name":"wp","href":"https:\/\/api.w.org\/{rel}","templated":true}]}}